{"id":772,"date":"2023-09-28T09:19:38","date_gmt":"2023-09-28T09:19:38","guid":{"rendered":"https:\/\/conference.euas.eu\/2023\/?page_id=772"},"modified":"2024-10-11T09:09:14","modified_gmt":"2024-10-11T09:09:14","slug":"poster-session","status":"publish","type":"page","link":"https:\/\/conference.euas.eu\/2024\/?page_id=772","title":{"rendered":"Poster Session"},"content":{"rendered":"<p>[et_pb_section fb_built=&#8221;1&#8243; _builder_version=&#8221;4.22.2&#8243; _module_preset=&#8221;default&#8221; background_color=&#8221;RGBA(255,255,255,0)&#8221; background_color_tablet=&#8221;RGBA(0,0,0,0)&#8221; background_enable_color_tablet=&#8221;on&#8221; background_image_tablet=&#8221;https:\/\/conference.euas.eu\/2023\/wp-content\/uploads\/2023\/09\/Taust_tablet.jpg&#8221; background_image_phone=&#8221;https:\/\/conference.euas.eu\/2023\/wp-content\/uploads\/2023\/09\/Taust_mobile.jpg&#8221; background_enable_image_tablet=&#8221;on&#8221; background_enable_image_phone=&#8221;on&#8221; background_size_tablet=&#8221;contain&#8221; background_size_phone=&#8221;contain&#8221; background_position_tablet=&#8221;top_center&#8221; global_colors_info=&#8221;{}&#8221;][et_pb_row use_custom_gutter=&#8221;on&#8221; _builder_version=&#8221;4.16&#8243; _module_preset=&#8221;default&#8221; background_color=&#8221;#FFFFFF&#8221; width=&#8221;99.6%&#8221; custom_margin=&#8221;||||false|false&#8221; custom_padding=&#8221;50px|50px||50px|false|true&#8221; global_colors_info=&#8221;{}&#8221;][et_pb_column type=&#8221;4_4&#8243; _builder_version=&#8221;4.16&#8243; _module_preset=&#8221;default&#8221; global_colors_info=&#8221;{}&#8221;][et_pb_text _builder_version=&#8221;4.16&#8243; _module_preset=&#8221;default&#8221; header_font=&#8221;|800|||||||&#8221; global_colors_info=&#8221;{}&#8221;]<\/p>\n<h1>Poster Session<\/h1>\n<p>[\/et_pb_text][\/et_pb_column][\/et_pb_row][et_pb_row column_structure=&#8221;1_3,1_3,1_3&#8243; use_custom_gutter=&#8221;on&#8221; _builder_version=&#8221;4.16&#8243; _module_preset=&#8221;default&#8221; background_color=&#8221;#FFFFFF&#8221; width=&#8221;99.6%&#8221; custom_margin=&#8221;||||false|false&#8221; custom_padding=&#8221;50px|50px|50px|50px|true|true&#8221; global_colors_info=&#8221;{}&#8221;][et_pb_column type=&#8221;1_3&#8243; _builder_version=&#8221;4.16&#8243; _module_preset=&#8221;default&#8221; global_colors_info=&#8221;{}&#8221;][et_pb_text disabled_on=&#8221;off|off|off&#8221; _builder_version=&#8221;4.24.2&#8243; _module_preset=&#8221;default&#8221; header_font=&#8221;|800|||||||&#8221; header_2_font=&#8221;|800|||||||&#8221; header_2_font_size=&#8221;28px&#8221; header_3_text_color=&#8221;#E09900&#8243; header_3_font_size=&#8221;28px&#8221; header_3_line_height=&#8221;1.2em&#8221; link_option_url=&#8221;https:\/\/conference.euas.eu\/2024\/wp-content\/uploads\/2024\/10\/Alla_Starostina.pdf&#8221; border_width_bottom=&#8221;1px&#8221; border_color_bottom=&#8221;#E09900&#8243; global_colors_info=&#8221;{}&#8221;]<\/p>\n<p><strong><a href=\"https:\/\/conference.euas.eu\/2024\/wp-content\/uploads\/2024\/10\/Alla_Starostina.pdf\">Alla Starostina, Olena Kanishchenko, Nataliia Chupryna<\/a><\/strong><\/p>\n<h4>\u201cEthical Consequences of The Intellectual Systems Usage in the Educational Process at Higher School\u201d<\/h4>\n<p>&nbsp;<\/p>\n<p>[\/et_pb_text][et_pb_text _builder_version=&#8221;4.24.2&#8243; _module_preset=&#8221;default&#8221; header_font=&#8221;|800|||||||&#8221; header_2_font=&#8221;|800|||||||&#8221; header_2_font_size=&#8221;28px&#8221; header_3_text_color=&#8221;#E09900&#8243; header_3_font_size=&#8221;28px&#8221; header_3_line_height=&#8221;1.2em&#8221; link_option_url=&#8221;https:\/\/conference.euas.eu\/2024\/wp-content\/uploads\/2024\/10\/Vasyl_Volodymyrov.pdf&#8221; border_width_bottom=&#8221;1px&#8221; border_color_bottom=&#8221;#E09900&#8243; global_colors_info=&#8221;{}&#8221;]<\/p>\n<p><a href=\"https:\/\/conference.euas.eu\/2024\/wp-content\/uploads\/2024\/10\/Vasyl_Volodymyrov.pdf\"><strong>Vasyl Volodymyrov<\/strong><\/a><\/p>\n<h4>\u201cIncreasing the Fault Tolerance of Modern Computer Systems through the Use of Modern Polymer-Inorganic Composite Materials with Electronic Conductivity\u201d<\/h4>\n<p>&nbsp;<\/p>\n<p>[\/et_pb_text][et_pb_text _builder_version=&#8221;4.24.2&#8243; _module_preset=&#8221;default&#8221; header_font=&#8221;|800|||||||&#8221; header_2_font=&#8221;|800|||||||&#8221; header_2_font_size=&#8221;28px&#8221; header_3_text_color=&#8221;#E09900&#8243; header_3_font_size=&#8221;28px&#8221; header_3_line_height=&#8221;1.2em&#8221; link_option_url=&#8221;https:\/\/conference.euas.eu\/2024\/wp-content\/uploads\/2024\/10\/Artem_Koldovskiy.pdf&#8221; border_width_bottom=&#8221;1px&#8221; border_color_bottom=&#8221;#E09900&#8243; global_colors_info=&#8221;{}&#8221;]<\/p>\n<p><a href=\"https:\/\/conference.euas.eu\/2024\/wp-content\/uploads\/2024\/10\/Artem_Koldovskiy.pdf\"><strong>Artem Koldovskiy<\/strong><\/a><\/p>\n<h4>\u201cTransforming Financial Sector Infrastructure through Digitalization: A Comparative Study of Successful Implementations\u201d<\/h4>\n<p>&nbsp;<\/p>\n<p>[\/et_pb_text][et_pb_text _builder_version=&#8221;4.24.2&#8243; _module_preset=&#8221;default&#8221; header_font=&#8221;|800|||||||&#8221; header_2_font=&#8221;|800|||||||&#8221; header_2_font_size=&#8221;28px&#8221; header_3_text_color=&#8221;#E09900&#8243; header_3_font_size=&#8221;28px&#8221; header_3_line_height=&#8221;1.2em&#8221; link_option_url=&#8221;https:\/\/conference.euas.eu\/2024\/wp-content\/uploads\/2024\/10\/Sopotsko_Olga.pdf&#8221; border_width_bottom=&#8221;1px&#8221; border_color_bottom=&#8221;#E09900&#8243; global_colors_info=&#8221;{}&#8221;]<a href=\"https:\/\/conference.euas.eu\/2024\/wp-content\/uploads\/2024\/10\/Sopotsko_Olga.pdf\"><strong>Olga Sopotsko<\/strong><\/a><\/p>\n<h4>\u201cThe Role of Robots and Mechanisms in Collection Orders in Warehouse\u201d<\/h4>\n<p>&nbsp;[\/et_pb_text][et_pb_text _builder_version=&#8221;4.24.2&#8243; _module_preset=&#8221;default&#8221; header_font=&#8221;|800|||||||&#8221; header_2_font=&#8221;|800|||||||&#8221; header_2_font_size=&#8221;28px&#8221; header_3_text_color=&#8221;#E09900&#8243; header_3_font_size=&#8221;28px&#8221; header_3_line_height=&#8221;1.2em&#8221; link_option_url=&#8221;https:\/\/conference.euas.eu\/2024\/wp-content\/uploads\/2024\/10\/Yuliia_Horiashchenko_Oleksandr_Harmash_Roman_Kutsyi.pdf&#8221; border_width_bottom=&#8221;1px&#8221; border_color_bottom=&#8221;#E09900&#8243; global_colors_info=&#8221;{}&#8221;]<\/p>\n<p><a href=\"https:\/\/conference.euas.eu\/2024\/wp-content\/uploads\/2024\/10\/Yuliia_Horiashchenko_Oleksandr_Harmash_Roman_Kutsyi.pdf\"><strong>Yuliia Horiashchenko, Oleksandr Harmash, Roman Kutsyi<\/strong><\/a><\/p>\n<h4>\u201cInnovative and Informational Solutions in the Era of Industry 4.0\u201d<\/h4>\n<p>&nbsp;<\/p>\n<p>[\/et_pb_text][et_pb_text _builder_version=&#8221;4.24.2&#8243; _module_preset=&#8221;default&#8221; header_font=&#8221;|800|||||||&#8221; header_2_font=&#8221;|800|||||||&#8221; header_2_font_size=&#8221;28px&#8221; header_3_text_color=&#8221;#E09900&#8243; header_3_font_size=&#8221;28px&#8221; header_3_line_height=&#8221;1.2em&#8221; link_option_url=&#8221;https:\/\/conference.euas.eu\/2024\/wp-content\/uploads\/2024\/10\/Alla_Polyanska_Oleg_Mykytiuk.pdf&#8221; border_width_bottom=&#8221;1px&#8221; border_color_bottom=&#8221;#E09900&#8243; global_colors_info=&#8221;{}&#8221;]<\/p>\n<p><a href=\"https:\/\/conference.euas.eu\/2024\/wp-content\/uploads\/2024\/10\/Alla_Polyanska_Oleg_Mykytiuk.pdf\"><strong>Alla Polyanska, Oleg Mykytiuk<\/strong><\/a><\/p>\n<h4>\u201cSustainable Development and Preservation of the Environment in a Smart City: From the Point of View of Consumers\u201d<\/h4>\n<p>&nbsp;<\/p>\n<p>[\/et_pb_text][et_pb_text _builder_version=&#8221;4.24.2&#8243; _module_preset=&#8221;default&#8221; header_font=&#8221;|800|||||||&#8221; header_2_font=&#8221;|800|||||||&#8221; header_2_font_size=&#8221;28px&#8221; header_3_text_color=&#8221;#E09900&#8243; header_3_font_size=&#8221;28px&#8221; header_3_line_height=&#8221;1.2em&#8221; link_option_url=&#8221;https:\/\/conference.euas.eu\/2024\/wp-content\/uploads\/2024\/10\/Svetlana_Osinceva_uus.pdf&#8221; hover_enabled=&#8221;0&#8243; border_width_bottom=&#8221;1px&#8221; border_color_bottom=&#8221;#E09900&#8243; global_colors_info=&#8221;{}&#8221; sticky_enabled=&#8221;0&#8243;]<a href=\"https:\/\/conference.euas.eu\/2024\/wp-content\/uploads\/2024\/10\/Svetlana_Osinceva_uus.pdf\"><strong>Svetlana Osinceva, Iveta Cirule, Anita Straujuma<\/strong><\/a><\/p>\n<h4>\u201cSmart Technologies in Household Food Waste Management: From Prevention to Disposal\u201d<\/h4>\n<p>&nbsp;[\/et_pb_text][\/et_pb_column][et_pb_column type=&#8221;1_3&#8243; _builder_version=&#8221;4.16&#8243; _module_preset=&#8221;default&#8221; global_colors_info=&#8221;{}&#8221;][et_pb_text _builder_version=&#8221;4.24.2&#8243; _module_preset=&#8221;default&#8221; header_font=&#8221;|800|||||||&#8221; header_2_font=&#8221;|800|||||||&#8221; header_2_font_size=&#8221;28px&#8221; header_3_text_color=&#8221;#E09900&#8243; header_3_font_size=&#8221;28px&#8221; header_3_line_height=&#8221;1.2em&#8221; link_option_url=&#8221;https:\/\/conference.euas.eu\/2024\/wp-content\/uploads\/2024\/10\/Kamran_Khan.pdf&#8221; border_width_bottom=&#8221;1px&#8221; border_color_bottom=&#8221;#E09900&#8243; global_colors_info=&#8221;{}&#8221;]<\/p>\n<p><strong><a href=\"https:\/\/conference.euas.eu\/2024\/wp-content\/uploads\/2024\/10\/Kamran_Khan.pdf\">Kamran Khan<\/a><\/strong><\/p>\n<h4>\u201cLevels of Vehicle Autonomy in Pakistan and Need to Develop the Infrastructure for Autonomous Vehicles in Pakistan\u201d<\/h4>\n<p>&nbsp;<\/p>\n<p>[\/et_pb_text][et_pb_text disabled_on=&#8221;off|off|off&#8221; _builder_version=&#8221;4.24.2&#8243; _module_preset=&#8221;default&#8221; header_font=&#8221;|800|||||||&#8221; header_2_font=&#8221;|800|||||||&#8221; header_2_font_size=&#8221;28px&#8221; header_3_text_color=&#8221;#E09900&#8243; header_3_font_size=&#8221;28px&#8221; header_3_line_height=&#8221;1.2em&#8221; link_option_url=&#8221;https:\/\/conference.euas.eu\/2024\/wp-content\/uploads\/2024\/10\/Faizan_Ali_Qureshi.pdf&#8221; border_width_bottom=&#8221;1px&#8221; border_color_bottom=&#8221;#E09900&#8243; global_colors_info=&#8221;{}&#8221;]<\/p>\n<p><a href=\"https:\/\/conference.euas.eu\/2024\/wp-content\/uploads\/2024\/10\/Faizan_Ali_Qureshi.pdf\"><strong>Faizan Ali Qureshi<\/strong><\/a><\/p>\n<h4>\u201cArtificial Intelligence for Educators: How Educators in Pakistan Can Adopt Artificial Intelligence Teaching Methods\u201d<\/h4>\n<p>&nbsp;<\/p>\n<p>[\/et_pb_text][et_pb_text _builder_version=&#8221;4.24.2&#8243; _module_preset=&#8221;default&#8221; header_font=&#8221;|800|||||||&#8221; header_2_font=&#8221;|800|||||||&#8221; header_2_font_size=&#8221;28px&#8221; header_3_text_color=&#8221;#E09900&#8243; header_3_font_size=&#8221;28px&#8221; header_3_line_height=&#8221;1.2em&#8221; link_option_url=&#8221;https:\/\/conference.euas.eu\/2024\/wp-content\/uploads\/2024\/10\/Olha_Prokopenko.pdf&#8221; border_width_bottom=&#8221;1px&#8221; border_color_bottom=&#8221;#E09900&#8243; global_colors_info=&#8221;{}&#8221;]<\/p>\n<p><a href=\"https:\/\/conference.euas.eu\/2024\/wp-content\/uploads\/2024\/10\/Olha_Prokopenko.pdf\"><strong>Olha Prokopenko<\/strong><\/a><\/p>\n<h4>\u201cOptimizing Urban Mobility in Smart Cities: A Comparative Analysis of Traffic Monitoring Systems in Enhancing Eco-Friendly Transportation Flows\u201d<\/h4>\n<p>&nbsp;<\/p>\n<p>[\/et_pb_text][et_pb_text _builder_version=&#8221;4.24.2&#8243; _module_preset=&#8221;default&#8221; header_font=&#8221;|800|||||||&#8221; header_2_font=&#8221;|800|||||||&#8221; header_2_font_size=&#8221;28px&#8221; header_3_text_color=&#8221;#E09900&#8243; header_3_font_size=&#8221;28px&#8221; header_3_line_height=&#8221;1.2em&#8221; link_option_url=&#8221;https:\/\/conference.euas.eu\/2024\/wp-content\/uploads\/2024\/10\/Viktoriia_Khmurova_Viktoriia_Kovalenko.pdf&#8221; border_width_bottom=&#8221;1px&#8221; border_color_bottom=&#8221;#E09900&#8243; global_colors_info=&#8221;{}&#8221;]<\/p>\n<p><a href=\"https:\/\/conference.euas.eu\/2024\/wp-content\/uploads\/2024\/10\/Viktoriia_Khmurova_Viktoriia_Kovalenko.pdf\"><strong>Viktoriia Khmurova, Viktoriia Kovalenko<\/strong><\/a><\/p>\n<h4>\u201cThe Impact of Digital Transformation and Artificial Intelligence on Businesses\u201d<\/h4>\n<p>&nbsp;<\/p>\n<p>[\/et_pb_text][et_pb_text _builder_version=&#8221;4.24.2&#8243; _module_preset=&#8221;default&#8221; header_font=&#8221;|800|||||||&#8221; header_2_font=&#8221;|800|||||||&#8221; header_2_font_size=&#8221;28px&#8221; header_3_text_color=&#8221;#E09900&#8243; header_3_font_size=&#8221;28px&#8221; header_3_line_height=&#8221;1.2em&#8221; link_option_url=&#8221;https:\/\/conference.euas.eu\/2024\/wp-content\/uploads\/2024\/10\/Harsh_Chauhan_Henrijs_Kalkis.pdf&#8221; border_width_bottom=&#8221;1px&#8221; border_color_bottom=&#8221;#E09900&#8243; global_colors_info=&#8221;{}&#8221;]<\/p>\n<p><a href=\"https:\/\/conference.euas.eu\/2024\/wp-content\/uploads\/2024\/10\/Harsh_Chauhan_Henrijs_Kalkis.pdf\"><strong>Harsh Chauhan, Henrijs Kalkis<\/strong><\/a><\/p>\n<h4>\u201cSmart Machines and its Implication on the Future of Work Management\u201d<\/h4>\n<p>&nbsp;<\/p>\n<p>[\/et_pb_text][et_pb_text _builder_version=&#8221;4.24.2&#8243; _module_preset=&#8221;default&#8221; header_font=&#8221;|800|||||||&#8221; header_2_font=&#8221;|800|||||||&#8221; header_2_font_size=&#8221;28px&#8221; header_3_text_color=&#8221;#E09900&#8243; header_3_font_size=&#8221;28px&#8221; header_3_line_height=&#8221;1.2em&#8221; link_option_url=&#8221;https:\/\/conference.euas.eu\/2024\/wp-content\/uploads\/2024\/10\/Vladyslav_Logos_Viktoriya_Onegina.pdf&#8221; border_width_bottom=&#8221;1px&#8221; border_color_bottom=&#8221;#E09900&#8243; global_colors_info=&#8221;{}&#8221;]<\/p>\n<p><a href=\"https:\/\/conference.euas.eu\/2024\/wp-content\/uploads\/2024\/10\/Vladyslav_Logos_Viktoriya_Onegina.pdf\"><strong>Vladyslav Logos, Viktoriya Onegina<\/strong><\/a><\/p>\n<h4>\u201cArtificial Intelligence as the Facilitator of Performance in Working Groups\u201d<\/h4>\n<p>&nbsp;<\/p>\n<p>[\/et_pb_text][et_pb_text _builder_version=&#8221;4.24.2&#8243; _module_preset=&#8221;default&#8221; header_font=&#8221;|800|||||||&#8221; header_2_font=&#8221;|800|||||||&#8221; header_2_font_size=&#8221;28px&#8221; header_3_text_color=&#8221;#E09900&#8243; header_3_font_size=&#8221;28px&#8221; header_3_line_height=&#8221;1.2em&#8221; link_option_url=&#8221;https:\/\/conference.euas.eu\/2024\/wp-content\/uploads\/2024\/10\/Axel_Schaffland_Julius_Schoning.pdf&#8221; border_width_bottom=&#8221;1px&#8221; border_color_bottom=&#8221;#E09900&#8243; global_colors_info=&#8221;{}&#8221;]<\/p>\n<p><a href=\"https:\/\/conference.euas.eu\/2024\/wp-content\/uploads\/2024\/10\/Axel_Schaffland_Julius_Schoning.pdf\"><strong>Axel Schaffland, Julius Sch\u00f6ning<\/strong><\/a><\/p>\n<h4>\u201cStreamlining the Manufacturing Process of the Mechanical Neural Network: Towards an Efficient Production of the Ki-Learning-Tool\u201d<\/h4>\n<p>&nbsp;<\/p>\n<p>[\/et_pb_text][et_pb_text _builder_version=&#8221;4.24.2&#8243; _module_preset=&#8221;default&#8221; header_font=&#8221;|800|||||||&#8221; header_2_font=&#8221;|800|||||||&#8221; header_2_font_size=&#8221;28px&#8221; header_3_text_color=&#8221;#E09900&#8243; header_3_font_size=&#8221;28px&#8221; header_3_line_height=&#8221;1.2em&#8221; link_option_url=&#8221;https:\/\/conference.euas.eu\/2024\/wp-content\/uploads\/2024\/10\/Oleksandr_Pyvovarov.pdf&#8221; border_width_bottom=&#8221;1px&#8221; border_color_bottom=&#8221;#E09900&#8243; global_colors_info=&#8221;{}&#8221;]<\/p>\n<p><a href=\"https:\/\/conference.euas.eu\/2024\/wp-content\/uploads\/2024\/10\/Oleksandr_Pyvovarov.pdf\"><strong>Oleksandr Pyvovarov<\/strong><\/a><\/p>\n<h4>\u201cSmart Medical Education Among the Goals of Sustainable Development\u201d<\/h4>\n<p>&nbsp;<\/p>\n<p>[\/et_pb_text][\/et_pb_column][et_pb_column type=&#8221;1_3&#8243; _builder_version=&#8221;4.16&#8243; _module_preset=&#8221;default&#8221; global_colors_info=&#8221;{}&#8221;][et_pb_text disabled_on=&#8221;off|off|off&#8221; _builder_version=&#8221;4.24.2&#8243; _module_preset=&#8221;default&#8221; header_font=&#8221;|800|||||||&#8221; header_2_font=&#8221;|800|||||||&#8221; header_2_font_size=&#8221;28px&#8221; header_3_text_color=&#8221;#E09900&#8243; header_3_font_size=&#8221;28px&#8221; header_3_line_height=&#8221;1.2em&#8221; link_option_url=&#8221;https:\/\/conference.euas.eu\/2024\/wp-content\/uploads\/2024\/10\/Margarita_Isoraite.pdf&#8221; border_width_bottom=&#8221;1px&#8221; border_color_bottom=&#8221;#E09900&#8243; global_colors_info=&#8221;{}&#8221;]<\/p>\n<p><strong><a href=\"https:\/\/conference.euas.eu\/2024\/wp-content\/uploads\/2024\/10\/Margarita_Isoraite.pdf\">Margarita I\u0161orait\u0117, Vilma Kardausk\u0117<\/a><\/strong><\/p>\n<h4>\u201cInternet Things, Green Logistics and Green Marketing Features\u201d<\/h4>\n<p>&nbsp;<\/p>\n<p>[\/et_pb_text][et_pb_text disabled_on=&#8221;off|off|off&#8221; _builder_version=&#8221;4.24.2&#8243; _module_preset=&#8221;default&#8221; header_font=&#8221;|800|||||||&#8221; header_2_font=&#8221;|800|||||||&#8221; header_2_font_size=&#8221;28px&#8221; header_3_text_color=&#8221;#E09900&#8243; header_3_font_size=&#8221;28px&#8221; header_3_line_height=&#8221;1.2em&#8221; link_option_url=&#8221;https:\/\/conference.euas.eu\/2024\/wp-content\/uploads\/2024\/10\/Michael_Rau.pdf&#8221; border_width_bottom=&#8221;1px&#8221; border_color_bottom=&#8221;#E09900&#8243; global_colors_info=&#8221;{}&#8221;]<\/p>\n<p><a href=\"https:\/\/conference.euas.eu\/2024\/wp-content\/uploads\/2024\/10\/Michael_Rau.pdf\"><strong>Michael Rau, Jan-David Liebe, Julius Sch\u00f6ning, Jan-Oliver M.A<\/strong><\/a><\/p>\n<h4>\u201cRequirements for VR Training Environments in Youth Welfare Evaluations\u201d<\/h4>\n<p>&nbsp;<\/p>\n<p>[\/et_pb_text][et_pb_text _builder_version=&#8221;4.24.2&#8243; _module_preset=&#8221;default&#8221; header_font=&#8221;|800|||||||&#8221; header_2_font=&#8221;|800|||||||&#8221; header_2_font_size=&#8221;28px&#8221; header_3_text_color=&#8221;#E09900&#8243; header_3_font_size=&#8221;28px&#8221; header_3_line_height=&#8221;1.2em&#8221; link_option_url=&#8221;https:\/\/conference.euas.eu\/2024\/wp-content\/uploads\/2024\/10\/Dzintars_Jankovskis_Iveta-Cirule.pdf&#8221; border_width_bottom=&#8221;1px&#8221; border_color_bottom=&#8221;#E09900&#8243; global_colors_info=&#8221;{}&#8221;]<\/p>\n<p><a href=\"https:\/\/conference.euas.eu\/2024\/wp-content\/uploads\/2024\/10\/Dzintars_Jankovskis_Iveta-Cirule.pdf\"><strong>Dzintars Jankovskis, Iveta Cirule<\/strong><\/a><\/p>\n<h4>\u201cAI-Based Personalization in E-Learning: Defining Performance Indicators and Utilizing Digital Twin Technology for Enhanced User Engagement\u201d<\/h4>\n<p>&nbsp;<\/p>\n<p>[\/et_pb_text][et_pb_text _builder_version=&#8221;4.24.2&#8243; _module_preset=&#8221;default&#8221; header_font=&#8221;|800|||||||&#8221; header_2_font=&#8221;|800|||||||&#8221; header_2_font_size=&#8221;28px&#8221; header_3_text_color=&#8221;#E09900&#8243; header_3_font_size=&#8221;28px&#8221; header_3_line_height=&#8221;1.2em&#8221; link_option_url=&#8221;https:\/\/conference.euas.eu\/2024\/wp-content\/uploads\/2024\/10\/Karina_Taraniuk_Renata_Korsakiene_Astrida_Miceikiene_Leonid_Taraniuk.pdf&#8221; border_width_bottom=&#8221;1px&#8221; border_color_bottom=&#8221;#E09900&#8243; global_colors_info=&#8221;{}&#8221;]<\/p>\n<p><a href=\"https:\/\/conference.euas.eu\/2024\/wp-content\/uploads\/2024\/10\/Karina_Taraniuk_Renata_Korsakiene_Astrida_Miceikiene_Leonid_Taraniuk.pdf\"><strong>Karina Taraniuk, Renata Korsakiene, Astrida Miceikien\u0117, Leonid Taraniuk<\/strong><\/a><\/p>\n<h4>\u201cForeign Investment in the System of Movement towards Sustainable Development\u201d<\/h4>\n<p>&nbsp;<\/p>\n<p>[\/et_pb_text][et_pb_text _builder_version=&#8221;4.24.2&#8243; _module_preset=&#8221;default&#8221; header_font=&#8221;|800|||||||&#8221; header_2_font=&#8221;|800|||||||&#8221; header_2_font_size=&#8221;28px&#8221; header_3_text_color=&#8221;#E09900&#8243; header_3_font_size=&#8221;28px&#8221; header_3_line_height=&#8221;1.2em&#8221; link_option_url=&#8221;https:\/\/conference.euas.eu\/2024\/wp-content\/uploads\/2024\/10\/Mishenina_Halyna_Ligita_Simanskiene_Erika_Zuperkiene.pdf&#8221; border_width_bottom=&#8221;1px&#8221; border_color_bottom=&#8221;#E09900&#8243; global_colors_info=&#8221;{}&#8221;]<\/p>\n<p><a href=\"https:\/\/conference.euas.eu\/2024\/wp-content\/uploads\/2024\/10\/Mishenina_Halyna_Ligita_Simanskiene_Erika_Zuperkiene.pdf\"><strong>Mishenina Halyna, Ligita \u0160imanskien\u0117, Erika \u017duperkien\u0117<\/strong><\/a><\/p>\n<h4>\u201cArtificial Intelligence and the Future of Learning: Preparing T-Shaped Professionals for a Multidisciplinary World\u201d<\/h4>\n<p>&nbsp;<\/p>\n<p>[\/et_pb_text][et_pb_text _builder_version=&#8221;4.24.2&#8243; _module_preset=&#8221;default&#8221; header_font=&#8221;|800|||||||&#8221; header_2_font=&#8221;|800|||||||&#8221; header_2_font_size=&#8221;28px&#8221; header_3_text_color=&#8221;#E09900&#8243; header_3_font_size=&#8221;28px&#8221; header_3_line_height=&#8221;1.2em&#8221; link_option_url=&#8221;https:\/\/conference.euas.eu\/2024\/wp-content\/uploads\/2024\/10\/Mohammad_Hasan_Ahmadilivani_Emre_Karatopuk_Jaan_Raik.pdf&#8221; border_width_bottom=&#8221;1px&#8221; border_color_bottom=&#8221;#E09900&#8243; global_colors_info=&#8221;{}&#8221;]<\/p>\n<p><a href=\"https:\/\/conference.euas.eu\/2024\/wp-content\/uploads\/2024\/10\/Mohammad_Hasan_Ahmadilivani_Emre_Karatopuk_Jaan_Raik.pdf\"><strong>Mohammad Hasan Ahmadilivani, Emre Karatopuk, Jaan Raik<\/strong><\/a><\/p>\n<h4>\u201cMachine Vision for Automated Collaborative Robot Programming in Manufacturing Industrial Factories\u201d<\/h4>\n<p>&nbsp;<\/p>\n<p>[\/et_pb_text][et_pb_text _builder_version=&#8221;4.24.2&#8243; _module_preset=&#8221;default&#8221; header_font=&#8221;|800|||||||&#8221; header_2_font=&#8221;|800|||||||&#8221; header_2_font_size=&#8221;28px&#8221; header_3_text_color=&#8221;#E09900&#8243; header_3_font_size=&#8221;28px&#8221; header_3_line_height=&#8221;1.2em&#8221; link_option_url=&#8221;https:\/\/conference.euas.eu\/2024\/wp-content\/uploads\/2024\/10\/Andreas_Pondorfer_Geor_Hoch_Viktoriia_Shkola.pdf&#8221; border_width_bottom=&#8221;1px&#8221; border_color_bottom=&#8221;#E09900&#8243; global_colors_info=&#8221;{}&#8221;]<\/p>\n<p><a href=\"https:\/\/conference.euas.eu\/2024\/wp-content\/uploads\/2024\/10\/Andreas_Pondorfer_Geor_Hoch_Viktoriia_Shkola.pdf\"><strong>Andreas Pondorfer, Georg Hoch, Viktoriia Shkola<\/strong><\/a><\/p>\n<h4>\u201cThe Legacy of the War on Social Capital, Sustainability andResilience in The Digital Age: Evidence from Ukraine\u201d<\/h4>\n<p>&nbsp;<\/p>\n<p>[\/et_pb_text][\/et_pb_column][\/et_pb_row][\/et_pb_section]<\/p>\n","protected":false},"excerpt":{"rendered":"<p>Poster SessionAlla Starostina, Olena Kanishchenko, Nataliia Chupryna \u201cEthical Consequences of The Intellectual Systems Usage in the Educational Process at Higher School\u201d &nbsp;Vasyl Volodymyrov \u201cIncreasing the Fault Tolerance of Modern Computer Systems through the Use of Modern Polymer-Inorganic Composite Materials with Electronic Conductivity\u201d &nbsp;Artem Koldovskiy \u201cTransforming Financial Sector Infrastructure through Digitalization: A Comparative Study of Successful [&hellip;]<\/p>\n","protected":false},"author":2,"featured_media":0,"parent":0,"menu_order":0,"comment_status":"closed","ping_status":"closed","template":"page-template-blank.php","meta":{"_et_pb_use_builder":"on","_et_pb_old_content":"","_et_gb_content_width":"","footnotes":""},"class_list":["post-772","page","type-page","status-publish","hentry"],"_links":{"self":[{"href":"https:\/\/conference.euas.eu\/2024\/index.php?rest_route=\/wp\/v2\/pages\/772","targetHints":{"allow":["GET"]}}],"collection":[{"href":"https:\/\/conference.euas.eu\/2024\/index.php?rest_route=\/wp\/v2\/pages"}],"about":[{"href":"https:\/\/conference.euas.eu\/2024\/index.php?rest_route=\/wp\/v2\/types\/page"}],"author":[{"embeddable":true,"href":"https:\/\/conference.euas.eu\/2024\/index.php?rest_route=\/wp\/v2\/users\/2"}],"replies":[{"embeddable":true,"href":"https:\/\/conference.euas.eu\/2024\/index.php?rest_route=%2Fwp%2Fv2%2Fcomments&post=772"}],"version-history":[{"count":9,"href":"https:\/\/conference.euas.eu\/2024\/index.php?rest_route=\/wp\/v2\/pages\/772\/revisions"}],"predecessor-version":[{"id":1486,"href":"https:\/\/conference.euas.eu\/2024\/index.php?rest_route=\/wp\/v2\/pages\/772\/revisions\/1486"}],"wp:attachment":[{"href":"https:\/\/conference.euas.eu\/2024\/index.php?rest_route=%2Fwp%2Fv2%2Fmedia&parent=772"}],"curies":[{"name":"wp","href":"https:\/\/api.w.org\/{rel}","templated":true}]}}